. Suppose 0 = -10*h + 9*h. Is (y - 2)/(-1 - h) a prime number?
True
Let j be (-22)/(-6) - 18/27. Suppose j*k - 45 = -4*w, w - 5*k + 2 = -4. Suppose -w*l + 255 = -4*l. Is l a composite number?
True
Suppose 3*y + 4*t - 6117 = 2*y, -3*y - 4*t = -18319. Is y a composite number?
False
Let m be ((-4)/6)/((-14)/63). Suppose -d = 5, 0*d - 37 = -m*q + 5*d. Suppose -2*l + 1326 = q*l. Is l prime?
False
Let z = -24 + 27. Suppose -z*o + 1965 = -2*q, 4*o - 4*q = -2*q + 2620. Is o a prime number?
False
Let k = 20 + -25. Is k*((-320)/25 + -2) a composite number?
True
Let t be (-31)/(-8)*-2 + 26/(-104). Let a(d) = -13*d - 25. Is a(t) prime?
True
Let x = 13 + -7. Let i be 473/2 - (-3)/x. Let p = i + -110. Is p a composite number?
False
Let l be (6 + 202)/(4/406 + 0). Is 2/(-6) + l/12 prime?
True
Let o be 4*-1*(-755)/(-5). Let p = o + 1071. Is p a prime number?
True
Let x = 461 - -2976. Is x a prime number?
False
Let p(i) = -5082*i - 5. Is p(-1) prime?
True
Let t(n) be the first derivative of n**3/3 + 7*n**2/2 - 23*n - 9. Is t(-11) a prime number?
False
Let a(g) = -2*g + 6. Let p be a(7). Let j be (-4 - -1) + 7 + p. Is ((-2)/(-4))/(j/(-5416)) prime?
True
Let z(j) be the second derivative of 7*j**4/12 + j**3 + 5*j**2 + 8*j. Is z(9) a composite number?
False
Is (-1649)/68*(-472)/(0 - -2) a prime number?
False
Let a = -1016 - -1662. Let t = -323 + a. Is t a composite number?
True
Let n = -11 - -11. Suppose -d - 2 + n = 2*s, 2 = -d. Suppose l - 776 = -2*l + h, s = -3*l - 5*h + 782. Is l a composite number?
True
Suppose -3 + 17 = 7*o. Suppose -5*s - o*a = -1138 - 37, -s - 5*a + 258 = 0. Is s prime?
True
Suppose 0*v = -4*v. Suppose -445 = -5*t + i, 2*t - 178 = -4*i - v*i. Is t composite?
False
Let q be 1 - 2/(8/3892). Let b = q + 1370. Let y = 657 + b. Is y a prime number?
False
Let x(m) = -19*m + 7. Let c be x(-13). Is (c*(-4)/(-12))/((-2)/(-6)) prime?
False
Let m(x) = x**3 + 3*x**2 + 6*x + 5. Suppose 6*o + 25 = o. Let i be m(o). Let u = i - -158. Is u prime?
True
Let v(x) = 9 - 10 + 121*x + 83*x. Suppose j = -5*y + 2*j, -4*j = -4*y - 16. Is v(y) composite?
True
Suppose 5*w = 2*k - 26106, -k - 4173 = -4*w - 17232. Is k prime?
True
Suppose -4*l = 30 - 6. Let n be 510 + (3 + l)*1. Is 3/12 + n/4 composite?
False
Let b(q) = -q - 3. Let n(i) = i + 2. Let c(r) = -3*b(r) - 2*n(r). Let k be c(-8). Is ((-2)/(-4))/(k/(-2922)) a prime number?
True
Let c be 2/9 + 3*(-4)/54. Suppose -6*u + 8466 = -c*u. Is u a composite number?
True
Suppose 3*y - 1 = 11. Suppose -y*a - k = -3217, a - 5*a = -3*k - 3197. Is a prime?
False
Let i(y) = 3*y - 31. Let s be i(11). Suppose 8899 + 540 = s*u - z, 14178 = 3*u + 5*z. Is u composite?
False
Let g(y) = -y**3 + 4*y**2 - 2*y + 5. Let r be g(4). Let h(j) = 27*j**2 + 2*j + 2. Is h(r) a composite number?
False
Let s = 31637 + -21676. Is s prime?
False
Let m = 394 + -155. Is m a composite number?
False
Let n be ((-6)/4)/(42/(-86072)). Let g = n + -1987. Is g a composite number?
False
Let a = 301 + 589. Suppose 0 = -2*d - 3*d + a. Let q = 297 - d. Is q prime?
False
Suppose 0*o - 3*o + 315 = 0. Let c = 225 + o. Suppose -n + c = 13. Is n prime?
True
Let z be (-1 - -2) + 8 + -9. Suppose z = -m + 3*b + 23, -114 = -2*m - 3*b - 32. Is m composite?
True
Suppose -457*n = -458*n + 7273. Is n prime?
False
Let u(x) = 32 - 6*x - 28 - 17 - 18. Let t be (-1)/(2 - 87/45). Is u(t) prime?
True
Is -2 - (-101060)/12 - 4/6 composite?
False
Suppose l = 7*q - 2*q - 9635, 5*l + 1927 = q. Is q composite?
True
Suppose 2*o - 4037 = -3*r + 1220, 0 = -2*o - 4*r + 5254. Is o a prime number?
True
Let z = 490 - 9. Is z a composite number?
True
Let s be 3/(2 - (-2)/(-4)). Let u(q) = 57*q**2 + 5*q - 8. Let n be u(3). Suppose 0 = -s*j - 118 + n. Is j prime?
False
Let n(k) be the third derivative of -23*k**6/60 + k**5/15 + k**4/6 + k**3/6 + 30*k**2. Is n(-2) prime?
False
Let t = -33 + 33. Suppose t = 2*q + 9*q - 209. Is q a composite number?
False
Let l = 19 - 21. Let i be (-3)/l + (-3)/(-2). Suppose -5*r + 1379 = -i*s - 1421, s = -5. Is r prime?
True
Let m = -56 - -46. Is 1*(3270/4 - m/(-20)) composite?
True
Let g(d) be the first derivative of 3*d**3 + d**2/2 - 17*d - 18. Is g(-4) prime?
False
Let c = 14301 - 6788. Is c prime?
False
Suppose -7*z + 2*p = -12*z + 71082, -3*z = -5*p - 42674. Is z a prime number?
False
Let z(a) = -a**3 + 10*a**2 + 4*a - 8. Is z(-15) prime?
True
Let n(u) = -2 - 13*u**2 + 27*u**2 + 3 + 8*u**2 + 7*u. Is n(4) prime?
False
Let l = 154 - 73. Suppose -l*j + 83*j - 6974 = 0. Is j composite?
True
Let k(o) be the first derivative of o**2 - o - 14. Let g be k(-4). Let s = 19 + g. Is s a prime number?
False
Let v(s) = 53*s**2 - 27*s + 141. Is v(14) a composite number?
False
Is (-15354)/(-12)*70/21 a composite number?
True
Let y(l) = -l - 2. Let t be y(-7). Suppose -t*f = -5*a - 2195, a + 0*a = -2*f + 872. Is f a composite number?
True
Let s = -311 - -837. Let q = -467 + 195. Let d = q + s. Is d a prime number?
False
Let a be (-4)/16 - (-98)/8. Let m be (-4 + 56/a)*15. Let r = m + 4. Is r a composite number?
True
Let z = 5428 - -3609. Is z composite?
True
Suppose 0 = 183*w - 185*w + 5114. Is w a prime number?
True
Let b be (4/(12/(-21)))/((-6)/(-6366)). Is 0*(-2)/(-4) - b/7 prime?
True
Suppose -j = j - 328. Let l = j - 37. Is l composite?
False
Let q be 8/28 - 103/(-7). Let u be (-611)/195 - (-2)/q. Is ((-2)/u)/((-5)/(-1905)) prime?
False
Let f(b) = b**2 + 14*b + 1. Let w be f(-14). Is 140/5 - (-3)/w a composite number?
False
Is (-38)/(-247) + (57742/26)/1 a prime number?
True
Let m = 10 - 8. Suppose -634 = -4*o + m*o. Is o a composite number?
False
Suppose -767220 = -10*r + 8650. Is r a composite number?
False
Suppose 5*t = -6*z + 24664, -2*z + 2*t + 3128 + 5086 = 0. Is z a prime number?
False
Suppose -3*m = 11*m - 266. Is 1 + 40 - (-15 + m) a prime number?
True
Suppose -2*h - 247 = -23. Let j = 163 + h. Let c = j - 16. Is c prime?
False
Let f(v) = 14 + 0*v**2 + 0*v**2 + 6*v + 4*v**2 - 7*v. Is f(-7) a prime number?
False
Let g(s) be the second derivative of -7*s**3/2 + 19*s**2/2 - 9*s. Is g(-18) a composite number?
False
Suppose 6*i = -5 + 29. Suppose 924 = i*w - 1084. Is w prime?
False
Suppose -z + 1 = -3*a + 7*a, -2 = -4*a - 2*z. Suppose -310 = -l - 3*v + 21, 3*l - v - 1013 = a. Is l a composite number?
False
Let m(u) be the third derivative of -157*u**4/8 + u**3/6 + 9*u**2. Is m(-2) a prime number?
False
Let d(v) be the first derivative of 22*v**3/3 + 13*v**2/2 + 15*v - 5. Let z be d(-8). Suppose 5*f = -5*t - 354 + 2559, z = 3*f + 4*t. Is f a prime number?
False
Let p = 257 + -118. Is p prime?
True
Suppose w - 3*i = 3208, 4*i + 0*i = 4*w - 12872. Is w prime?
False
Let k(n) be the third derivative of 0 - 1/6*n**3 + 31/10*n**5 - 1/24*n**4 + 0*n + 7*n**2. Is k(-2) composite?
True
Is ((-3)/(90/(-1910)))/((-2)/(-6)) composite?
False
Let m = 449 + 2538. Is m composite?
True
Let n(l) = l**3 + 6*l**2 - 10*l - 17. Let x be n(-7). Suppose 4*w - 13 - 7 = 0, 0 = x*q - 4*w - 5424. Is q a composite number?
False
Suppose 8*p - 3*p - 10 = 0. Suppose i = 4, -p*i - 5330 = -3*z - i. Is (z/8)/(7/28) a composite number?
True
Let v = -5 - -11. Suppose -v*p + 992 = -2*p - 3*n, -4*n = -16. Is p a composite number?
False
Suppose q = k + 17, -2*q - k - 2*k + 24 = 0. Is 10903/q - (-16)/120 composite?
False
Let s(k) = 9*k + 1255. Let o(h) = 5*h + 627. Let d(r) = -7*o(r) + 4*s(r). Is d(0) a composite number?
False
Suppose 2*a + l = 21429, -2*l - 6 = -4*l. Is a prime?
False
Suppose -2*f - 413 + 1569 = 0. Is f - 6 - (-3 + (-2 - -4)) a prime number?
False
Let z(d) = -189*d**2 + 252*d**2 - 2*d - 1 + 621*d**2. Is z(-1) prime?
False
Let q be ((-17)/1)/(1/28). Let j = 727 + q. Is j prime?
True
Let v(u) = u + 22. Let k be v(-18). Suppose 4*w = -3*g + 323, -k*w + 3*g + g = -288. Is w composite?
True
Let c = 19124 - 12627. Is c a prime number?
False
Let n = 116 + -203. Let l = n + 182. Is l a prime number?
False
Let r be (-6)/(-1) + (-2 - -3). Let x(c) = 72*c - 13. Is x(r) a composite number?
False
Let o = -13 + 18. Suppose -k - 1 = -o. Suppose f + k*r - 146 = 0, 5*f - 469 = 3*r + 330. Is f composite?
True
Let h = 11060 - -554. Is h composite?
True
Suppose 3*p - 7 + 70 = 0. Is 9/p - 101/(-7) a prime number?
False
Let s(x) = 40*x + 11. Let q(r) = 15 + 2*r + 2*r + 5*r - 10*r. Let u be q(10). Is s(u) a